Calculate the remainder when 74 is divided by 13.
9
Calculate the remainder when 357 is divided by 118.
3
What is the remainder when 840 is divided by 13?
8
What is the remainder when 381 is divided by 77?
73
Calculate the remainder when 2389 is divided by 62.
33
What is the remainder when 5200 is divided by 6?
4
Calculate the remainder when 6627 is divided by 65.
62
What is the remainder when 22 is divided by 8?
6
What is the remainder when 31 is divided by 11?
9
What is the remainder when 52 is divided by 13?
0
What is the remainder when 492 is divided by 37?
11
Calculate the remainder when 1258 is divided by 18.
16
What is the remainder when 210 is divided by 81?
48
What is the remainder when 99 is divided by 71?
28
Calculate the remainder when 1013 is divided by 38.
25
Calculate the remainder when 2655 is divided by 12.
3
What is the remainder when 1612 is divided by 19?
16
What is the remainder when 350 is divided by 27?
26
What is the remainder when 176 is divided by 31?
21
What is the remainder when 5192 is divided by 400?
392
What is the remainder when 683 is divided by 156?
59
Calculate the remainder when 5136 is divided by 513.
6
What is the remainder when 76 is divided by 59?
17
Calculate the remainder when 899 is divided by 18.
17
Calculate the remainder when 193 is divided by 18.
13
Calculate the remainder when 6614 is divided by 35.
34
What is the remainder when 1426 is divided by 12?
10
Calculate the remainder when 886 is divided by 14.
4
What is the remainder when 1374 is divided by 81?
78
Calculate the remainder when 882 is divided by 97.
9
Calculate the remainder when 19220 is divided by 7.
5
What is the remainder when 322 is divided by 57?
37
What is the remainder when 6098 is divided by 18?
14
What is the remainder when 233 is divided by 18?
17
Calculate the remainder when 306 is divided by 236.
70
Calculate the remainder when 64 is divided by 2.
0
Calculate the remainder when 8853 is divided by 19.
18
What is the remainder when 674 is divided by 164?
18
What is the remainder when 164 is divided by 88?
76
Calculate the remainder when 623 is divided by 25.
23
Calculate the remainder when 2260 is divided by 78.
76
Calculate the remainder when 1477 is divided by 29.
27
Calculate the remainder when 22184 is divided by 29.
28
Calculate the remainder when 34 is divided by 19.
15
What is the remainder when 74 is divided by 5?
4
What is the remainder when 794 is divided by 263?
5
What is the remainder when 103 is divided by 27?
22
Calculate the remainder when 533 is divided by 135.
128
What is the remainder when 380 is divided by 98?
86
Calculate the remainder when 17235 is divided by 139.
138
Calculate the remainder when 86 is divided by 22.
20
Calculate the remainder when 348 is divided by 89.
81
What is the remainder when 355 is divided by 37?
22
What is the remainder when 76 is divided by 28?
20
What is the remainder when 73 is divided by 25?
23
What is the remainder when 273 is divided by 63?
21
Calculate the remainder when 259 is divided by 90.
79
Calculate the remainder when 3502 is divided by 499.
9
What is the remainder when 1533 is divided by 59?
58
What is the remainder when 1317 is divided by 88?
85
Calculate the remainder when 2331 is divided by 57.
51
What is the remainder when 324 is divided by 134?
56
What is the remainder when 2505 is divided by 53?
14
Calculate the remainder when 35 is divided by 12.
11
Calculate the remainder when 1269 is divided by 67.
63
What is the remainder when 3768 is divided by 145?
143
Calculate the remainder when 207 is divided by 45.
27
What is the remainder when 167 is divided by 43?
38
Calculate the remainder when 435 is divided by 111.
102
Calculate the remainder when 650 is divided by 165.
155
Calculate the remainder when 477 is divided by 23.
17
Calculate the remainder when 1143 is divided by 189.
9
Calculate the remainder when 998 is divided by 59.
54
Calculate the remainder when 270 is divided by 24.
6
What is the remainder when 850 is divided by 274?
28
What is the remainder when 1188 is divided by 149?
145
Calculate the remainder when 133 is divided by 20.
13
What is the remainder when 329 is divided by 10?
9
Calculate the remainder when 3735 is divided by 68.
63
What is the remainder when 1077 is divided by 15?
12
What is the remainder when 342 is divided by 116?
110
Calculate the remainder when 349 is divided by 27.
25
Calculate the remainder when 723 is divided by 42.
9
What is the remainder when 134 is divided by 69?
65
What is the remainder when 1027 is divided by 511?
5
Calculate the remainder when 2483 is divided by 209.
184
What is the remainder when 189 is divided by 4?
1
Calculate the remainder when 6 is divided by 5.
1
What is the remainder when 85 is divided by 48?
37
What is the remainder when 598 is divided by 60?
58
Calculate the remainder when 1286 is divided by 39.
38
What is the remainder when 369 is divided by 100?
69
Calculate the remainder when 26 is divided by 15.
11
What is the remainder when 109 is divided by 23?
17
What is the remainder when 152 is divided by 40?
32
What is the remainder when 245 is divided by 78?
11
Calculate the remainder when 250 is divided by 41.
4
What is the remainder when 634 is divided by 151?
30
Calculate the remainder when 1463 is divided by 8.
7
Calculate the remainder when 1694 is divided by 18.
2
Calculate the remainder when 968 is divided by 214.
112
Calculate the remainder when 4284 is divided by 8.
4
Calculate the remainder when 34 is divided by 10.
4
Calculate the remainder when 1675 is divided by 52.
11
Calculate the remainder when 659 is divided by 67.
56
What is the remainder when 1011 is divided by 44?
43
Calculate the remainder when 2960 is divided by 13.
9
Calculate the remainder when 1358 is divided by 170.
168
Calculate the remainder when 4177 is divided by 209.
206
Calculate the remainder when 18 is divided by 6.
0
What is the remainder when 254 is divided by 158?
96
What is the remainder when 6824 is divided by 25?
24
Calculate the remainder when 257 is divided by 87.
83
Calculate the remainder when 897 is divided by 44.
17
Calculate the remainder when 40 is divided by 16.
8
What is the remainder when 540 is divided by 128?
28
Calculate the remainder when 168 is divided by 9.
6
Calculate the remainder when 84 is divided by 33.
18
Calculate the remainder when 196 is divided by 98.
0
Calculate the remainder when 515 is divided by 130.
125
Calculate the remainder when 36 is divided by 31.
5
Calculate the remainder when 339 is divided by 34.
33
Calculate the remainder when 174 is divided by 94.
80
What is the remainder when 359 is divided by 26?
21
Calculate the remainder when 129 is divided by 34.
27
What is the remainder when 295 is divided by 160?
135
Calculate the remainder when 3971 is divided by 173.
165
Calculate the remainder when 565 is divided by 82.
73
Calculate the remainder when 29 is divided by 15.
14
Calculate the remainder when 639 is divided by 10.
9
What is the remainder when 238 is divided by 68?
34
What is the remainder when 232 is divided by 6?
4
What is the remainder when 3963 is divided by 10?
3
What is the remainder when 435 is divided by 202?
31
Calculate the remainder when 56 is divided by 48.
8
Calculate the remainder when 695 is divided by 60.
35
Calculate the remainder when 625 is divided by 154.
9
What is the remainder when 92 is divided by 50?
42
Calculate the remainder when 106 is divided by 5.
1
What is the remainder when 1288 is divided by 76?
72
Calculate the remainder when 329 is divided by 38.
25
What is the remainder when 4092 is divided by 23?
21
Calculate the remainder when 218 is divided by 88.
42
Calculate the remainder when 2602 is divided by 7.
5
Calculate the remainder when 254 is divided by 52.
46
What is the remainder when 9764 is divided by 74?
70
What is the remainder when 529 is divided by 168?
25
Calculate the remainder when 515 is divided by 175.
165
Calculate the remainder when 68 is divided by 29.
10
What is the remainder when 1185 is divided by 512?
161
What is the remainder when 282 is divided by 50?
32
Calculate the remainder when 98 is divided by 13.
7
Calculate the remainder when 396 is divided by 30.
6
What is the remainder when 1719 is divided by 40